j(-96).
11
Let k(q) = q**2 + 7611*q - 167923. What is k(22)?
3
Let a(r) = -4*r**3 - 238*r**2 - 338*r + 613. Calculate a(-58).
33
Let n(l) = -l**3 - 63*l**2 - 87*l + 543. What is n(-62)?
2093
Let d(w) = -25*w**3 - 198*w**2 + 311*w + 595. What is d(-9)?
-17
Let i(q) = 10894*q - 446658. Calculate i(41).
-4
Let d(n) = 20060*n - 2407202. Calculate d(120).
-2
Let i(j) = 6*j**3 - 5*j**2 - 52*j + 229. What is i(4)?
325
Let v(l) = 1839*l + 46050. Determine v(-25).
75
Let u(o) = -o**3 - 718*o**2 + 2629*o - 187003. Give u(-722).
-5
Let w(s) = 16*s**3 - 2319*s**2 - 121*s - 3737. Determine w(145).
-257
Let z(u) = 25*u**3 - 171*u**2 - 828*u + 5610. Determine z(7).
10
Let c(w) = 4*w**3 - 1378*w**2 + 50301*w - 903. What is c(303)?
6
Let r(m) = 12*m**3 + 97*m**2 + 116*m + 817. What is r(-8)?
-47
Let r(x) = -4259*x + 63771. Calculate r(15).
-114
Let s(x) = -30562*x + 61199. Determine s(2).
75
Let h(a) = 110*a**2 + 558*a - 26. Determine h(-5).
-66
Let d(i) = i**2 - 33507*i + 167492. Determine d(5).
-18
Let d(k) = k**2 - 57*k - 2052. Calculate d(77).
-512
Let n(a) = 1031*a**2 - 18523*a - 641. Calculate n(18).
-11
Let d(s) = 7*s**2 + 19569*s + 117267. Determine d(-6).
105
Let d(g) = -11744*g - 2630664. Determine d(-224).
-8
Let o(k) = -7*k**3 - 118*k**2 - 432*k - 320. What is o(-4)?
-32
Let y(r) = -43723*r + 262329. Determine y(6).
-9
Let x(j) = 7561*j - 423912. What is x(56)?
-496
Let a(j) = -j**3 + 169*j**2 + 2321*j - 338408. What is a(171)?
1
Let k(u) = 356*u + 7128. Calculate k(-20).
8
Let x(y) = -y**2 + 649*y + 80895. Calculate x(-107).
3
Let n(t) = 2*t**3 + 151*t**2 + 362*t - 214. Give n(-73).
5
Let n(f) = -283*f**2 - 819*f - 25. Give n(-3).
-115
Let x(l) = -3*l**2 - 29*l + 3899. Calculate x(-39).
467
Let s(x) = 260*x**2 - 3384*x - 7. What is s(13)?
-59
Let s(b) = -46321*b**2 - 138975*b - 28. Give s(-3).
8
Let v(f) = f**2 + 317*f + 17842. Determine v(-74).
-140
Let t(r) = -r**3 + 1217*r**2 - 168225*r + 434. Calculate t(159).
-43
Let j(i) = 32*i**2 + 288*i - 34. What is j(-6)?
-610
Let k(p) = -p**3 - 263*p**2 - 3266*p - 4101. Calculate k(-250).
-101
Let t(v) = v**3 + 229*v**2 - 2882*v + 1092. Determine t(-241).
-1318
Let o(k) = k**3 + 188*k**2 - 22512*k - 5141. Calculate o(-271).
8
Let n(k) = -5587995*k + 5587975. Determine n(1).
-20
Let r(m) = -62*m**3 + 203*m**2 + 187*m + 3. What is r(4)?
31
Let t(b) = -14724*b + 117807. Determine t(8).
15
Let g(y) = y**3 - 56*y**2 + 20150*y - 1128407. Determine g(56).
-7
Let w(l) = 235*l**2 - l - 2. Calculate w(-1).
234
Let h(x) = -9*x**3 - 165*x**2 - 43*x + 196. Calculate h(-18).
-2
Let x(c) = c**3 + 135*c**2 - 429*c - 1764. Give x(-138).
306
Let q(h) = 13085*h - 235540. Calculate q(18).
-10
Let k(i) = 528*i**2 - 27495*i - 72. Calculate k(52).
-2100
Let s(o) = -724*o + 221546. Give s(306).
2
Let p(b) = -5*b**3 + 37*b**2 + 199*b + 27. Determine p(-5).
582
Let n(x) = -x**3 - 93*x**2 - 709*x - 1454. Determine n(-85).
1011
Let a(m) = 2136*m + 35199. Give a(-17).
-1113
Let i(a) = -5*a**3 + 151*a**2 + 282*a - 33. Calculate i(32).
-225
Let s(m) = -235080*m + 235076. Determine s(1).
-4
Let u(n) = 783*n + 100165. Determine u(-128).
-59
Let t(a) = -762*a + 18284. Determine t(24).
-4
Let d(o) = -725*o + 52630. Determine d(73).
-295
Let r(p) = 592358*p - 6515937. Calculate r(11).
1
Let m(n) = n**3 - 355*n**2 - 1746*n - 19858. Give m(360).
-418
Let p(k) = 729*k + 67796. Calculate p(-93).
-1
Let j(t) = -3*t**3 + 17*t**2 + 33*t - 135. Give j(6).
27
Let x(s) = 296*s - 38982. Calculate x(132).
90
Let j(x) = -680*x - 1294. What is j(-2)?
66
Let j(l) = l**3 + 31*l**2 + 296*l + 904. Determine j(-6).
28
Let o(u) = 2*u**3 + 393*u**2 - 838*u + 31249. Determine o(-199).
6
Let g(v) = -202*v**2 - 15150*v - 52. Calculate g(-75).
-52
Let o(b) = -470*b - 136750. Give o(-291).
20
Let w(n) = -n**3 - 111*n**2 - 1275*n - 2111. What is w(-2)?
3
Let z(g) = -1670*g - 4718. Determine z(-3).
292
Let q(k) = -k**2 + 639*k - 80291. Give q(467).
33
Let t(j) = 89*j - 45487. Give t(511).
-8
Let p(j) = -j**2 - 60712*j - 546319. What is p(-9)?
8
Let u(o) = o**2 + 38*o - 132761. What is u(-384)?
103
Let c(v) = -42*v**2 - 2014*v + 80. Determine c(-48).
-16
Let p(j) = -j**2 + 10311*j - 216035. Calculate p(21).
55
Let h(s) = 538148*s - 5381486. Calculate h(10).
-6
Let o(l) = l**3 - 11*l**2 - 1828*l + 16422. Calculate o(9).
-192
Let o(g) = g**3 - 22*g**2 + 1628. Determine o(16).
92
Let z(s) = -19*s**3 - 74*s**2 + 22*s + 7. Give z(-3).
-212
Let x(d) = 1304*d + 403107. What is x(-309)?
171
Let x(u) = -122*u - 11952. Determine x(-104).
736
Let l(k) = 11*k**2 - 7153*k - 85389. Calculate l(662).
9
Let t(l) = -5762*l**2 - 69128*l + 120. Calculate t(-12).
-72
Let q(v) = -v**3 - 25*v**2 + 1219*v + 98. Determine q(24).
1130
Let y(f) = f**3 - 12*f**2 - 2199*f + 49476. What is y(29)?
2
Let d(p) = -7242*p + 333069. Determine d(46).
-63
Let v(i) = 1689*i + 8499. Calculate v(-2).
5121
Let f(p) = p**3 + 31*p**2 + 91*p + 343. What is f(-28)?
147
Let c(n) = -5079*n + 25310. Give c(5).
-85
Let h(f) = 7177*f - 308614. What is h(43)?
-3
Let t(r) = -3*r**3 + 95*r**2 + 28*r + 295. Give t(32).
167
Let p(x) = 36*x**2 - 901*x - 4154. Calculate p(29).
-7
Let y(z) = -z**3 + 2*z**2 - 2060*z - 2064. What is y(-1)?
-1
Let u(a) = a**3 + 123*a**2 + 20*a - 12347. Determine u(-122).
97
Let k(g) = 10*g**2 + 1045*g + 1542. Give k(-103).
-3
Let o(s) = -9*s**3 + 99*s**2 - 67*s + 28. Give o(12).
-2072
Let m(f) = f**3 - 24*f**2 - 375*f - 98. Give m(35).
252
Let v(q) = 222*q**2 + 1862*q + 3729. Calculate v(-2).
893
Let u(h) = -158*h**2 + 27334*h + 238. Give u(173).
238
Let w(f) = 68*f + 10405. What is w(-144)?
613
Let g(q) = -3*q**3 - 95*q**2 - 736*q - 186. Determine g(-13).
-82
Let p(d) = d**3 + 164*d**2 + 532*d + 7880. What is p(-161)?
-9
Let c(y) = 3*y**3 + 120*y**2 - y - 38. Calculate c(-40).
2
Let i(x) = -973*x - 239371. Determine i(-245).
-986
Let m(h) = -21*h**3 + 207*h**2 + 711*h - 7843. Calculate m(9).
14
Let n(t) = -21975*t - 13778335. Calculate n(-627).
-10
Let r(m) = -m**3 + 139*m**2 - 372*m + 14292. Give r(137).
866
Let p(a) = a**3 - 28*a**2 + 184*a - 3631. What is p(25)?
-906
Let n(m) = -18*m**3 - 220*m**2 - 7*m + 65. What is n(-12)?
-427
Let h(b) = -b**3 + 17*b**2 - 546*b - 4095. What is h(-6)?
9
Let d(q) = -q**3 - 8*q**2 - 1220*q - 19868. Calculate d(-16).
1700
Let g(b) = 152*b + 10770. Determine g(-71).
-22
Let k(m) = 1077*m + 5332. Determine k(-6).
-1130
Let y(p) = 2464*p - 13390. What is y(6)?
1394
Let o(v) = -v**3 + 33*v**2 + 65*v + 69. Determine o(34).
1123
Let c(a) = 58779*a + 2762619. Determine c(-47).
6
Let j(p) = -107*p**2 - 4281*p + 18800. Give j(-44).
12
Let m(f) = -29*f**2 + 2905*f - 130. Calculate m(100).
370
Let l(v) = -852443*v + 25573313. Give l(30).
23
Let b(z) = -29*z**2 + 4605*z + 15059. Calculate b(162).
-7
Let d(s) = -2*s**3 - 4*s**2 + 2283*s - 72. What is d(33)?
-963
Let m(o) = 68*o + 3366. Give m(-50).
-34
Let a(d) = 2*d**2 + 43*d - 52495. Calculate a(152).
249
Let c(n) = -n**3 - 122*n**2 + 228*n - 18356. Determine c(-125).
19
Let h(b) = -71*b**3 - 2779*b**2 + 2448*b + 80. What is h(-40)?
-240
Let y(z) = z**3 - 16*z**2 + 1003*z - 20162. Give y(19).
-22
Let j(u) = -6*u**2 - 20212*u + 921698. Give j(45).
8
Let v(i) = -157325*i + 6450336. Determine v(41).
11
Let f(x) = -226*x**2 - 365*x + 1. Calculate f(-1).
140
Let w(z) = -340*z**2 - 153678*z + 910. What is w(-452)?
6
Let j(x) = 20835*x - 2416859. Calculate j(116).
1
Let r(a) = -226416*a - 1131806. Determine r(-5).
274
Let q(z) = 15465*z - 154665. Determine q(10).
-15
Let v(d) = 639*d - 3384. What is v(4)?
-828
Let y(p) = p**3 - 829*p**2 + 85062*p + 2152. Determine y(120).
-8
Let h(t) = -6*t**3 - 56*t**2 + 127*t + 871. Calculate h(-6).
-611
Let m(v) = 76*v**2 - 316*v + 176. Determine m(6).
1016
Let s(q) = -1987041*q - 7. Calculate s(0).
-7
Let s(c) = -72*c**2 - 5668*c + 19356. What is s(-82)?
4
Let w(h) = h**2 - 7156*h + 996057. Calculate w(142).
69
Let x(q) = -q**3 + 36*q**2 + 109*q + 17. Give x(39).
-295
Let c(p) = p**2 + 30472*p - 365793. Give c(12).
15
Let n(a) = 4*a**2 + 263*a + 5163. Calculate n(-21).
1404
Let d(i) = 2*i**2 - 167*i + 2997. Give d(78).
2139
Let g(w) = -2*w**3 - 12*w**2 - 11657*w + 35059. Determine g(3).
-74
Let d(w) = w**3 + 157*w**2 + 755*w - 47. What is d(-5)?
-22
Let n(p) = 9983*p + 89888. What i